= 15*w - 10. Let q be x(7). Calculate the highest common factor of 38 and q.
19
Let i(c) = c**3 - 5*c**2 + 3*c - 3. Let y be i(5). Suppose 4*m = y, 31 + 92 = 3*j + 4*m. Calculate the greatest common factor of j and 296.
37
Let y be (-13)/(-2) + -2 - 1/2. Let f = 3 - -13. What is the highest common factor of y and f?
4
Let m(j) = 3*j**2 + 7*j + 3. Let s(c) = c - 9. Let w be s(5). Let h be m(w). Calculate the highest common factor of 46 and h.
23
Let w(d) = -d**3 + 3*d**2 - 5*d + 2. Let m be w(3). Let z = m - -21. Calculate the greatest common divisor of z and 32.
8
Let r(m) = 6*m**2 - 4*m + 2. Let n be r(2). What is the greatest common factor of 54 and n?
18
Let i be (-9 - -172) + 0 + -2. Suppose 0 = -4*k - 21 + i. Calculate the highest common factor of k and 14.
7
Let z(d) = -d**3 + 6*d**2 + 8*d - 1. Let k be z(7). Calculate the greatest common divisor of 18 and k.
6
Let w be -2 - (-2 + -11 + -1). Let x = 27 + -25. Suppose 0*u + x*u - 4 = -5*o, -3*u + 40 = -o. Calculate the greatest common factor of w and u.
12
Let y be (-13)/(-4) + 2/(-8). Suppose 2*r + 2*u + 12 = 0, 5*u + 2 + 4 = y*r. Let z be (-10)/(-5) - 3*r. What is the greatest common divisor of 121 and z?
11
Suppose w + 3*b = 2*b - 1, 5*b = w - 29. Let u be 1/w*2*2. Calculate the greatest common factor of 2 and u.
1
Let o = -1385 + -103. Let v be o/(-20) - (-3)/5. Calculate the greatest common divisor of 30 and v.
15
Let j = -26 + 46. Let f(o) = o + 32. Let v be f(-24). What is the greatest common factor of v and j?
4
Let r = 89 - 81. What is the highest common factor of r and 6?
2
Let z be (-2)/(-3) + (-4)/6. Suppose -3 = -b - z. Suppose 0*f + 2*f - 10 = 0, 4*d + b*f = 39. Calculate the highest common factor of 48 and d.
6
Suppose -v = -3*m - 19, 5*v = -0*m - 3*m + 131. Calculate the highest common factor of v and 25.
25
Let f be (94/6)/((-5)/15). Let c = f + 92. What is the greatest common divisor of 18 and c?
9
Let l be (28/5)/((-7)/(-210)). What is the highest common factor of 21 and l?
21
Suppose 5*z = 3*n - 2*n, -6 = -2*z. Let h be (-48)/(3 + -5)*5. Calculate the highest common factor of h and n.
15
Let k be 8/(-12) - 1234/(-6). Let p = k + -105. What is the greatest common factor of 40 and p?
20
Let j = 37 - 16. Let q be 6/j + 24/14. Calculate the highest common factor of q and 22.
2
Suppose 0 = -6*l + 2*l + 132. Let h = l + -24. Calculate the highest common divisor of 1 and h.
1
Let s = -18 - -43. Calculate the highest common divisor of s and 150.
25
Suppose -b - i + 4 = 0, -10 + 2 = -b - 2*i. Suppose 0 = -b*l + 4*l - 280. Calculate the greatest common factor of l and 28.
14
Let l = -10 - -16. Suppose -a + 7 = 4*u - 9, 2*u + l = 3*a. Calculate the highest common factor of 1 and u.
1
Let z be (-10)/35 - 79/(-7). Calculate the highest common factor of 176 and z.
11
Let a be (-45)/(-12) + 9/(-12). What is the greatest common divisor of a and 33?
3
Let i(y) = 15*y**3 + 2*y**2 - 2*y + 1. Let g be i(1). Let r be 2/5 + (-2790)/(-25). What is the highest common factor of r and g?
16
Suppose 10*l = 5*l + 30. Let u be ((-30)/(-7))/(l/42). Let x = 25 + -15. Calculate the greatest common divisor of x and u.
10
Suppose -23 = s - 32. Calculate the highest common factor of 45 and s.
9
Let q be (4/(-8))/(2/(-192)). Suppose -83 = -z + q. Suppose -79 - z = -5*l. Calculate the highest common factor of l and 28.
14
Suppose 2*p - 11 - 81 = 0. Let i = p + -14. What is the highest common divisor of i and 80?
16
Suppose 4*z - 20 = -5*r, r + 2*r - 44 = 4*z. What is the greatest common factor of 24 and r?
8
Let v = -6 - -6. Suppose -5*q + 49 - 9 = v. Calculate the highest common divisor of 20 and q.
4
Let a be ((-65)/15)/(1/(-21)). Calculate the greatest common divisor of a and 13.
13
Suppose 4*b - 5 = 7. What is the highest common factor of b and 15?
3
Suppose 4*n - 8 = 8. Let u be 196/n - -4 - -3. Suppose c + 14 = 4*z - 38, 2*z - 16 = 3*c. Calculate the greatest common divisor of u and z.
14
Let d be (16/(-3))/(18/(-27)). Calculate the highest common divisor of 72 and d.
8
Let t = 2 - 1. Suppose 2*q = -q + 4*c + 77, t = -q - 4*c. Calculate the greatest common factor of q and 95.
19
Suppose -6 = -j - p - 3, -3*j - p + 5 = 0. Calculate the greatest common divisor of j and 4.
1
Suppose -3*s = -7*s + 256. What is the highest common divisor of 8 and s?
8
Let s be (1/(-2)*-2)/1. Let v be 1/2*-6 + 7. Suppose -v = -2*r - 2*r. What is the greatest common factor of r and s?
1
Let s = 32 + 103. What is the greatest common divisor of 27 and s?
27
Let p = 19 - 13. Suppose -5*c - f = -36 - p, -5*c + 4*f + 57 = 0. Calculate the highest common divisor of c and 72.
9
Let s(g) = 4*g + 2 - 4 + 4. Let q be s(6). Let c(r) = r**3 - 7*r**2 + 8*r + 9. Let h be c(7). What is the highest common divisor of q and h?
13
Suppose 0*o + 4*o = -124. Let q = o + 178. Calculate the highest common factor of q and 21.
21
Let z be 6 + 2 - (-3 - 1). What is the highest common divisor of z and 18?
6
Let q be 0/(0 - -1) + 4. Suppose -1 = -2*j + 1. What is the highest common factor of j and q?
1
Let o = -10 + 27. Let q = o - 9. Let l = 90 + -34. Calculate the greatest common factor of q and l.
8
Let i be (-142)/(-8) + 7/28. Let s = -214 - -358. What is the greatest common divisor of i and s?
18
Let k = 16 - 12. Suppose -5*h = -k*l + 280, 4*l + 5*h = -128 + 448. What is the highest common divisor of l and 30?
15
Let x be 6*(-3)/30 + 1467/45. Suppose 0*y = -4*y + 64. What is the greatest common divisor of y and x?
16
Suppose -m - 3*n = -8*n - 222, -5*n - 948 = -4*m. Calculate the highest common divisor of m and 22.
22
Suppose 3*b - 95 = -4*n, -4*b + 0*n = -n - 152. Suppose 5*r - b = 8. Let h(x) = 9*x. Let g be h(5). Calculate the greatest common divisor of r and g.
9
Suppose -3*q = -2*a + 7, 4 = 2*q - 5*a + 27. Let b(r) = 53*r**3 - 2*r**2 + 2*r - 1. Let d be b(q). Calculate the greatest common divisor of 13 and d.
13
Suppose 0 = 3*o - 4*k - 80 + 17, -o + 21 = -4*k. Suppose 6 = -5*l + o. What is the highest common divisor of l and 27?
3
Suppose 6 - 33 = -3*s. Let n be ((-3)/s)/((-2)/18). Suppose n*a - 24 = 33. What is the greatest common factor of 57 and a?
19
Suppose -80 = -4*x - x. Let p be 4/2*(39 - -1). Calculate the highest common factor of x and p.
16
Let o be 2 - 6/(-3) - -2. Suppose -105 = -o*d + d. Calculate the highest common divisor of 84 and d.
21
Let z = -17 - -33. Let h(s) = s**3 + 8*s**2 + 8*s + 10. Let c be h(-7). Let r(x) = 26*x + 2. Let a be r(c). What is the greatest common divisor of z and a?
16
Let w(z) = z**3 + 8*z**2 - z + 1. Let y be w(-8). Suppose a + 3*v - y = 0, -3*v = -2*v - 2. What is the greatest common factor of a and 9?
3
Suppose 5*a - 10 = 30. Suppose -2*y + 7 = -25. What is the greatest common divisor of y and a?
8
Suppose -3*t = 2*t + w - 228, -174 = -4*t + 2*w. Calculate the greatest common divisor of 18 and t.
9
Let j = 22 - -7. Let h = 53 - j. Calculate the highest common divisor of h and 264.
24
Let r(l) = l**2 + 3*l + 1. Let z be r(3). Calculate the greatest common divisor of 76 and z.
19
Let n be 10/(-30) - (50/(-6) + 2). What is the highest common factor of n and 66?
6
Let m(o) = 2 - 3 + 5 + 7 + o. Let s be m(5). Calculate the highest common factor of s and 4.
4
Let w(t) = 2*t**2 - 3*t + 140. Let y be w(0). Calculate the highest common divisor of y and 28.
28
Let z = 64 + -38. What is the highest common factor of 13 and z?
13
Let w be 33 + -3*(-2)/6. Calculate the greatest common factor of w and 17.
17
Let m be 812/21 - 2/(-6). Calculate the greatest common divisor of m and 13.
13
Suppose i - 6*i = r - 35, -i - 9 = -3*r. What is the highest common divisor of 6 and i?
6
Let u be ((-56)/10)/(40/(-100)). Suppose -6*y - f = -2*y - 275, -y = -2*f - 80. What is the highest common factor of y and u?
14
Let g = 5 + -4. Suppose 0 = -5*y + 59 + g. What is the highest common factor of 24 and y?
12
Suppose -4*b = r + r - 42, -2*r + 10 = 0. Let y(t) = 3*t + t**2 - b - 2*t + 4*t. Let f be y(-7). What is the greatest common divisor of 24 and f?
6
Suppose 0 = 2*p - 1 + 3. Let i be 63 - (-1 + 2/p). Let j = i - 11. What is the highest common divisor of 5 and j?
5
Let f(z) = z**2 + 7*z - 8. Let x be f(-6). Let l = 26 + x. Suppose -i + 0*m = -m - 34, 82 = 3*i + 2*m. What is the highest common factor of i and l?
6
Suppos